k = -4*k + 25. Suppose k*q + 10 = 25. Suppose 3*s = 4*s + q. Determine o(s).
1
Let f(b) = 3*b + 1. Let v(d) = 8*d + 2. Let z(g) = 4*g + 1. Let x(k) = -2*v(k) + 5*z(k). Let q(p) = -3*f(p) + 2*x(p). Let s = 43 - 47. Calculate q(s).
3
Let b(v) = -3*v**2 + 30*v - v**3 + 0*v**3 - 29*v. Suppose -n + 1 - 5 = 0. What is b(n)?
12
Let p be 6/(-8) + (-69)/(-12). Suppose p*s - 2*s - 2*r - 2 = 0, -3 = -s + 3*r. Suppose 0*m + 3*m = s. Let q(f) = f - 8. Calculate q(m).
-8
Let h(y) be the first derivative of -2 - 1/3*y**3 + y + 5/2*y**2. Let c = 12 - 8. Calculate h(c).
5
Let o(g) = 7*g + 3. Suppose 2*f + 39 = -11*f. What is o(f)?
-18
Suppose 0 = 5*g + 6 - 26. Let o(u) be the third derivative of -2*u**2 - 1/6*u**g + 0*u**3 + 1/60*u**5 + 0 + 0*u. What is o(4)?
0
Let f(k) = k - 3. Suppose 8*g - 3*g = 30. Let p be f(g). Let h(r) = -2*r**2 + 5*r - 4. What is h(p)?
-7
Let h(b) = 2*b - 1. Let y(n) = 6*n**2. Let j be y(1). Suppose z + j = 3*d + 2, 2*z + 4 = 2*d. What is h(z)?
-3
Suppose -4*c + 25 - 9 = 0. Let u(f) = -c*f + 10 + f**2 - 6 - 8. What is u(6)?
8
Let o(u) = u**3 - 2*u**2 - u - 2. Let t be o(2). Let z(y) be the third derivative of y**5/60 + y**4/4 + y**3/3 + 2*y**2. What is z(t)?
-6
Let i(o) = -8*o + 1. Let j be i(-1). Suppose 0 = -3*v + j*v. Let a(z) = -z**2 - 5. Give a(v).
-5
Let s(c) be the third derivative of -c**4/24 + 2*c**3/3 + 30*c**2. Let m(x) = -x**2 - x + 7. Let l be m(0). Give s(l).
-3
Let v = 27 + -24. Let q(p) = -p**3 + p**2 + p + 1. Let b be q(-1). Let w(s) = -s**b + s**v - 3*s + s - s**2. Give w(3).
3
Let l be -1*-1*4/2. Suppose 4*a = -i + 6, -2*i - 3*i = l*a + 24. Let m(j) = j**2 + 8*j + 7. Give m(i).
-5
Let c(v) = -4 + 2 + 2*v + 3. Let k(d) = -2*d**2. Let u be k(-1). Let g = -4 - u. Determine c(g).
-3
Let t(d) = 1 - d - 1. Let s(l) = 1. Let p(w) = s(w) + 2*t(w). Suppose -4*u = -0*u + 12. Determine p(u).
7
Suppose 0 = -3*c - 5*c - 24. Let n(p) = -5*p - 8. Let t(j) = -4*j - 7. Let h(q) = -3*n(q) + 4*t(q). What is h(c)?
-1
Let d = -9 + 6. Let v(m) = -2*m**2 - 3*m. Determine v(d).
-9
Let y be 1*2/8*(-3 - 1). Let j(o) be the second derivative of o**4/2 + o**3/6 - o. What is j(y)?
5
Let d(x) be the third derivative of -x**4/24 + 7*x**3/6 + 2*x**2. Suppose -5*u + 40 = 5*l, 0 = -0*l + 3*l - u - 32. Suppose -10 - l = -4*n. Give d(n).
2
Let s(z) = z + 9. Let d(t) = t + 9. Let f(l) = -3*d(l) + 2*s(l). Calculate f(-5).
-4
Let m(t) = -t**2 - 3*t - 3. Suppose -6 = y - 2. What is m(y)?
-7
Let u(j) = -15*j**3 - 21*j**2 - 9*j - 12. Let m(z) = -7*z**3 - 10*z**2 - 4*z - 6. Let s(y) = -13*m(y) + 6*u(y). Let q = 5 + -10. Give s(q).
-9
Suppose -j + 4 = -13. Suppose 5*q + d = j, 3*d + 15 - 36 = -5*q. Let h = -6 + q. Let r(p) = p**2 - 4. Give r(h).
5
Let r(k) = k**2 - 14*k + 4. Let v be r(14). Let x(l) = 2*l**2 - 4*l + 2. What is x(v)?
18
Let o be (-29)/(-9) + 4/(-18). Let n(w) = w**3 + 3*w**2 + 4. Let x(b) = -2*b**3 - 9*b**2 - b - 12. Let g(j) = -8*n(j) - 3*x(j). Determine g(o).
-14
Let o(d) = 1. Let h(n) = -3*n + 7. Let a be (-85)/2 + 9/(-6). Let j be a/(-36) + (-2)/9. Let q(f) = j*h(f) - 5*o(f). What is q(2)?
-4
Let d(b) be the third derivative of b**5/60 + b**4/6 - 5*b**3/6 - 12*b**2. Give d(-4).
-5
Let p(u) = -u**3 - 2*u**2 - 3*u. Let m(c) = 9*c**2 + c - 6. Let h(g) = 5*g**2 - 3. Let y(z) = 11*h(z) - 6*m(z). Let v be y(5). Give p(v).
6
Suppose 24 + 32 = 4*a + 5*l, -a + 5 = -l. Let g = 13 - a. Let v(u) = -2*u + 4. Let q be v(g). Let n(j) = 2*j + 1. Calculate n(q).
-7
Let k(h) = -h**2 + 6*h + 4. Let d be k(7). Let s(o) = -o + 3. Determine s(d).
6
Let g(z) = z + 7. Let f(u) = u**3 - 6*u**2 - 7*u. Let s be f(7). Let m(k) = k - 6 - 4*k**2 + 5*k**2 + 2. Let r be m(s). What is g(r)?
3
Let q(f) be the second derivative of -f**8/6720 - f**7/840 - f**6/720 + f**5/60 + f**4/4 - 4*f. Let t(d) be the third derivative of q(d). Calculate t(-3).
5
Let f(l) = -l**2 + 2*l + 1. Let a(i) = i**2 - 2*i + 3. Let w(k) = -k - 3. Let g be w(-5). Let u be a(g). Determine f(u).
-2
Suppose 5*w - 4 = 1. Suppose i + w = 4. Let b(o) be the first derivative of -o**4/4 + 2*o**3/3 + 3*o**2/2 + 2*o - 2. Determine b(i).
2
Let q(p) = -2*p**3 + p**2. Let z be q(1). Let y(j) = 666 - 666 + 2*j. Give y(z).
-2
Let l(y) = -y**3 - 4*y**2 + 6*y + 2. Let v = -1 - 4. Let a be l(v). Let p(o) = 4 + 0 - 4*o**2 - o**3 + 3*o + o**2. What is p(a)?
-5
Let y(g) = -2*g + 2. Let r(b) = -3 - 11*b + b**3 + 0*b**2 - 10 + 2*b**2 + 7*b**2. Let v be r(-10). Give y(v).
8
Let y(q) = -5*q**2 + 4*q - 13. Let f(k) = -2*k**2 + k - 4. Let c(g) = 8*f(g) - 3*y(g). Determine c(-6).
-5
Let r(a) = -a**2 + 11*a + 23. Let v be r(13). Let u(y) = y**2 + 6*y + 4. Determine u(v).
-5
Suppose 8*l = 9*l. Suppose l*r + 1 = 3*r - 4*j, r = 5*j - 18. Let c(s) = -s**2 + 9*s - 10. Determine c(r).
4
Let j(o) = -7 + o - 2*o + o**2 + 9*o - 2*o**2. What is j(5)?
8
Let c(n) be the second derivative of 5/6*n**3 + 2*n**2 + 0 + n + 1/12*n**4. Calculate c(-5).
4
Suppose 5*p - 3 = 7. Let t(h) = p*h**2 + 4*h + 0*h**2 + h**3 + 0*h**2 + 2. Let d = -6 + 4. Determine t(d).
-6
Let c be 13/3 - (-10)/15. Suppose -5 = 5*q, q + 14 = 2*g - 3*q. Let h(i) = -i**2 + 2*i**2 - g + 3 - 6*i. Determine h(c).
-7
Let q(l) = -3*l - 2. Let u(o) = -3*o + 6. Let t be u(3). Give q(t).
7
Let g = -14 + 15. Let f be g/3 - 17/(-3). Let p(n) be the second derivative of -n**5/20 + 5*n**4/12 + n**3 + 3*n**2 + 2*n. Determine p(f).
6
Let z(r) be the first derivative of -r**4/4 + 5*r**3/3 - r**2/2 + r + 12. Determine z(5).
-4
Let o(v) = -v**3 - 4*v**2 - 3*v - 2. Let f(p) = -p**2 - 7*p - 5. Let s be f(-6). Let g be (2/(-4))/(s/6). Calculate o(g).
-2
Let c(r) = -4*r**2 - 6*r - 9. Let k(h) = 7*h**2 + 12*h + 17. Let i(v) = -5*c(v) - 3*k(v). Suppose -3*n - n - 36 = 5*u, 3*n + 5*u = -32. What is i(n)?
2
Let x(l) = 3*l**3 - l. Suppose 0 = -2*i + 7*i + 20. Let m = i + 3. Give x(m).
-2
Let j = 21 - 16. Let h(w) = -w**3 + 4*w**2 + 5*w + 4. What is h(j)?
4
Let j = 3 + -1. Let x(m) = -5*m**2 + 2*m + 1. Calculate x(j).
-15
Let z(n) = n**2 - 9*n - 8. Let m be z(10). Let j(i) = -2*i**2 - 2*i + 3. Give j(m).
-9
Suppose 1 + 5 = 2*j. Let v(c) = 4*c**3 + 2*c**j - 5 + 0*c**2 + 4*c**2 - 5*c**3 - 4*c. Give v(-5).
-10
Suppose 0 = -4*h - h + 105. Suppose -2*x - h = -15. Let a(f) = -f + 3. Calculate a(x).
6
Let k(q) be the third derivative of q**6/120 + q**5/15 - 5*q**4/24 + q**3/3 + 6*q**2. Give k(-5).
2
Let z(r) = -r**2 + 2*r + 1. Let l be z(3). Let n(t) = 3 - 4 - 3*t + 2*t. Determine n(l).
1
Let p(t) = t**2 + 4*t + 6. Let n(b) = 2*b**2 + 11*b. Let r be n(-8). Let m be r/(-12)*6/5. Give p(m).
6
Let h(b) = -b - b**2 - 4*b**2 - 5*b + 3*b**2. Give h(-4).
-8
Let g(s) = -11*s**3 - 26*s + 9*s + 9*s**2 + 12*s + 2. Let p(q) = 5*q**3 - 4*q**2 + 2*q - 1. Let u(t) = 4*g(t) + 9*p(t). Calculate u(-1).
0
Let x(s) be the first derivative of -s**3/3 - s**2/2 + s - 3. Calculate x(-2).
-1
Let o(z) be the third derivative of -z**6/24 - z**5/12 - 5*z**4/24 + 4*z**3/3 - 4*z**2. Let h(n) = -n**3 - n + 1. Let b(c) = -4*h(c) + o(c). Determine b(-5).
9
Let q(j) = j + 17. Suppose -d - 4 = t, 4*d - 40 = -0*t + 4*t. What is q(t)?
10
Let n(i) = -2*i**2 + 3*i - 1. Let v(q) = q**3 - 3*q**2 - 5*q + 4. Let l be v(4). Let b(p) = p**2 + p + 2. Let z be b(l). What is n(z)?
-3
Let l(a) = -a**3 - 5*a**2 + 1. Suppose 4*x = 8 + 12. Suppose 0 = 4*y + x*p, -7 = 2*y - 3*p + 15. What is l(y)?
1
Suppose -3*a - 3*b = b + 6, 3*b = -4*a - 8. Let z(u) be the third derivative of u**6/120 + u**5/60 - u**4/24 - 22*u**2. Give z(a).
-2
Let a(q) = 6*q**3 - 3*q**2 - 8*q + 3. Let p(u) = -5*u**3 + 2*u**2 + 7*u - 2. Let m(o) = -4*a(o) - 5*p(o). Suppose 0 = -2*h - 8. Let s = 1 + h. Give m(s).
-2
Let t(y) be the second derivative of y**4/12 + y**3/2 - y**2/2 - 38*y. Let z = 5 - 9. What is t(z)?
3
Let i(z) = 2*z - 2. Let j(y) = 2*y**2 - 18*y - 2. Let n be j(9). Determine i(n).
-6
Let a(u) = 2*u + 2*u**2 - 2*u - 2 - u. Give a(3).
13
Let m(f) = -f**3 + f**2 - 11. Suppose -z - 5*z + 3*z = 0. Calculate m(z).
-11
Let j(s) = s**3 + s**2 - s - 1. Suppose -3*w - 3 = 3*m, m + 4 = -0*w + 2*w. Let b(a) = a**3 - 4*a**2 + 3*a. Let k be b(3). Let t be -1*(-1 - w - k). Give j(t).
9
Let i(y) be the second derivative of -y**4/24 - 5*y**3/6 - y**2/2 - 2*y. Let f(u) be the first derivative of i(u). What is f(0)?
-5
Let x(g) be the third derivative of g**6/120 - g**5/20 - g**4/12 + g**3/6 -